e tens digit of c?
7
Let a(y) = 5*y**2 + 139*y + 1974. What is the hundreds digit of a(-75)?
6
Let q be 17/(-204) + 1477/12. Let t = 77 + -13. Let v = q - t. What is the tens digit of v?
5
Let v be (-4 + -1)*(-1)/1. Suppose v*l + 5*x + 76 + 499 = 0, 0 = 4*x + 8. Let o = -68 - l. What is the tens digit of o?
4
Let q = 108 - -269. Let y = q - 249. What is the hundreds digit of y?
1
Let t be 746/(-8) - (-1)/4. Let r = t - -176. What is the tens digit of r?
8
Let s be (-3)/4 + 9 + (-10071)/(-36). Let p = s - -256. What is the units digit of p?
4
What is the units digit of 8637/(-5)*((-8)/(-10))/(326/(-4075))?
4
Let b be 51/2 + (-9)/18*-1. Let v(h) = -2*h**3 + 51*h**2 + 31*h + 7. What is the hundreds digit of v(b)?
1
Let v(u) = 30*u - 2. Let w be v(-3). Let z = -5 - w. What is the units digit of z?
7
Suppose -7*n - 108 = -n. Let y be (-2 + 4 - 0) + 65. Let v = y - n. What is the units digit of v?
5
Let w = 102 + -92. Suppose 4 = -w*b + 4. Suppose -31*n + 26*n + 715 = b. What is the hundreds digit of n?
1
Let r(t) = 3*t**2 + 385 - 835 - 5*t**3 - 17*t + 418. What is the tens digit of r(-5)?
5
Let g(k) = -527 - 205*k + 260 + 221. What is the units digit of g(-4)?
4
Suppose -19*o + 1317 = -3110. Let w = o - -162. What is the units digit of w?
5
Let h(j) = -30*j**2 + 14 - 79*j + 99*j - 10 + 13 + 0*j**3 + 2*j**3. What is the units digit of h(15)?
7
Let x(b) = 74*b**2 + 283*b - 63. What is the units digit of x(25)?
2
Suppose -7*c + 71401 = -n, n - 18625 - 1783 = -2*c. What is the tens digit of c?
0
Let z(d) = -6*d**2 - 3*d + 21*d - 3 - 9 - d**3 + 8 - 6. Let b be -8 + 2/(-1) - 0. What is the units digit of z(b)?
0
Suppose 7*z = 24 - 3. Suppose 2 = -2*i, -z*y + 7*i + 2977 = 9*i. What is the tens digit of y?
9
Let a = 135573 - 89220. What is the tens digit of a?
5
Let n be (-48)/((-3)/(-36)*-2). Suppose -2*g = 3*l - 216, 0*l + 4*l - n = -5*g. What is the units digit of 1 + -2 + 2 + l - 0?
3
Suppose 34*k = 2130 + 8410. What is the units digit of k?
0
Let a = -95 + -5. Let n be (-2)/10 - 18520/a. Suppose 6*j = n + 697. What is the units digit of j?
7
Let x be 122/5 - 18/45. Let p = 22 - x. What is the tens digit of 4 - ((-592)/p)/(-4)?
7
Suppose 3*o + 6 = 0, 7*q + 2*o + 16926 = 9*q. What is the hundreds digit of q?
4
Let m be 1/(-2 - (6/(-1) + 3)). Let i(t) = 90*t**2 - 4*t + 5. What is the tens digit of i(m)?
9
Let k = 159 - 157. Suppose k*z = -3*l + 1628, 4*z - 761 = 4*l - 2925. What is the hundreds digit of l?
5
Suppose 2 = -3*i + 2*a, -3*a + 6 = 3*i + 3. Suppose 2*o - 6 = -i*o. Suppose 2*r - b = 343 - 8, -499 = -o*r + 5*b. What is the hundreds digit of r?
1
Let x(a) = a**2 - 12*a - 17. Let s = -113 + 123. Let u be x(s). Let w = u - -227. What is the hundreds digit of w?
1
Suppose 4*h = -3*c - c - 4, -3*h = -4*c - 18. What is the tens digit of (-8152)/(-24) + c/(-9)*1?
4
Let d(l) = -2*l - 22. Let u be d(-12). Suppose u*o + 0*o + 3*j = -9, 37 = 4*o - 5*j. Suppose -g + 76 = 4*r, o*g = 3*r - 72 + 315. What is the units digit of g?
0
Let c = -131 - -128. What is the tens digit of c + 2 - (-22 + 3)?
1
Let c(w) = 13*w + 28. Let t be c(-6). Let v = t - -71. What is the units digit of 1144/28 + 3/v + 2?
3
Let c be (-22)/5*(-12 - -7). What is the units digit of c/(-33)*2907/(-6)?
3
Let x be 23762/14 + -2 + 52/(-182). Suppose -5*c = -3*i + 1701, 3*c = 4*i - i - x. What is the hundreds digit of i?
5
Let i(t) = 627*t - 1252. What is the thousands digit of i(37)?
1
Suppose -212*j = -179*j - 60423. What is the thousands digit of j?
1
Suppose -431170 = -72*i + 790526. What is the hundreds digit of i?
9
Suppose 115776 = 6*r + 39756. What is the units digit of 6/(-15) + r/50?
3
Let q be (-58)/(-14) - (-3)/(-21). Suppose -2*m - o = -0*m - 355, -340 = -2*m - q*o. What is the units digit of m?
0
What is the tens digit of (-357752)/2*(-4)/16?
1
Let p(n) = 236*n**3 - 74*n**2 + 8*n - 32. What is the ten thousands digit of p(6)?
4
Let d be ((-150)/24)/(4/(-16)). Suppose 0 = -d*w + 196 - 21. What is the units digit of w?
7
Let p(k) = -k**2 + 4*k - 1. Let v be p(3). Let j be 705/2 - 54/(-36). Suppose -f + 720 = 4*z, v*z - 2*f + f = j. What is the hundreds digit of z?
1
Suppose -6*v = 2130 - 109842. Suppose 23*o - 34*o + v = 0. What is the units digit of o?
2
Let l(o) = 56*o**3 + 6*o**2 + o - 5. What is the hundreds digit of l(2)?
4
Suppose -2*a - 113 = 351. Suppose -t + 358 = -2*h - 52, -4*t + 1600 = 2*h. Let b = t + a. What is the units digit of b?
0
Let z(m) be the third derivative of m**5/60 - m**4/24 + 5*m**3/6 - 2*m**2. Suppose 702 - 742 = 5*x. What is the units digit of z(x)?
7
Suppose -84 = 2*v - 16*v. Let i(q) = 50*q - 2. What is the hundreds digit of i(v)?
2
Suppose -5952*a + 612752 = -5932*a + 137452. What is the ten thousands digit of a?
2
Suppose 3*v + 0*s + 5*s = -1514, 514 = -v + 3*s. Let j = -53 - v. Let z = j + -226. What is the units digit of z?
9
Suppose -75 = -3*o + 141. Suppose -5*d - c + 4 = 0, -4*d + 0*c = 3*c - 12. Suppose 32 + 133 = 2*s + 3*t, d = -s + 2*t + o. What is the units digit of s?
8
What is the thousands digit of 20/(-110)*1 + 102522/11?
9
Let d be (-117)/(-15) + 4/20. Let x = -3 + d. Suppose x + 2 = 3*o - 5*u, 35 = 3*o + 2*u. What is the units digit of o?
9
Suppose 0 = -j + 1046 + 54. Let r = -645 + j. What is the hundreds digit of r?
4
Let t be 5 - 4 - (-7 - -5). Let x = -134 - -292. Suppose s - t*l = 89, 0 = -5*s + 3*s - 4*l + x. What is the tens digit of s?
8
Let k = 24657 + -12368. What is the thousands digit of k?
2
Let x(b) = b**3 - 6*b**2 - 5*b - 12. Let r be x(7). Suppose 0*p + r*p + 2*u = -50, 3*u - 109 = 5*p. Let t = p + 67. What is the units digit of t?
4
Suppose 51*m + 3203340 = 164*m + 150*m. What is the thousands digit of m?
2
Suppose -5*d + 18 = x, 4*x + 11 - 3 = -4*d. Let o(k) = k**2 + 10*k + 37. What is the units digit of o(x)?
6
Suppose -62*q + 66*q = 120. Suppose -4*w + q = a - 695, 0 = 3*a - 3. What is the hundreds digit of w?
1
Let y(m) = 33*m. Suppose -2*u - 2*u = -r - 7, r - 1 = 0. What is the tens digit of y(u)?
6
Suppose 50*w + 2 = 48*w, 5*w = b - 4102. What is the hundreds digit of b?
0
What is the tens digit of 120819/6 + (135/(-6))/(-9) + -4?
3
Let p(x) = -7*x**3 - x**2 + 13*x + 56. Let j(v) = -13*v**3 - 2*v**2 + 25*v + 113. Let m(l) = 4*j(l) - 7*p(l). What is the tens digit of m(-6)?
1
Let f be (-9)/12 - 5/4*-3. Suppose 2*t - f*g = 2868, 32*t - 2*g = 27*t + 7170. What is the thousands digit of t?
1
Let s = -132 + 79. Let j = s + 57. What is the units digit of j/8*10 + 1?
6
Let z(i) = -i**3 + 41*i**2 + 28*i + 42. What is the thousands digit of z(-13)?
8
Suppose g + 4*x + 4272 - 27045 = 0, -10*g + 227730 = -x. What is the hundreds digit of g?
7
Suppose 3*o + 3*a = 17370, 0 = 750*o - 753*o + 4*a + 17335. What is the units digit of o?
5
Suppose 0 = 3*v + 2*g - 8, g + 5 = -7*v + 10*v. What is the hundreds digit of 192 + (-4)/(-5) + v/10?
1
Let g = 2712 + -2739. Let x = 129 - 75. Let s = x - g. What is the units digit of s?
1
What is the ten thousands digit of (-108)/(99/11) - -10964?
1
Suppose -338*r + 339*r - 2*w - 14443 = 0, -w = -2*r + 28868. What is the units digit of r?
1
Let g(n) = -26*n**2 + 15*n**2 + 9*n**2 - 2 + 9*n. Let u be g(4). Suppose 39 = u*q - 83. What is the units digit of q?
1
Let p = -80 + 82. What is the tens digit of p + 0 + (-1014)/(-6)?
7
Let a(d) = -d**3 - 8*d**2 - 7*d + 4. Let g be a(-7). Suppose -2*y = -y - g. Suppose -y*k + 54 = 4*j - 42, k - j - 32 = 0. What is the units digit of k?
8
Suppose -2*o + 124 = -4*y, -3*y + 6 = -y. Let p = 63 - o. Let f(z) = z**3 + 8*z**2 - 9*z. What is the hundreds digit of f(p)?
1
Let s = -254 - -247. What is the units digit of ((-1074)/18)/(s/3 + 2)?
9
Suppose 43*r - 140 = 23*r. Suppose -2*t = 3*u - 980, 5*u - 4*t = -r*t + 1634. What is the tens digit of u?
2
Let g = 4187 + -1921. What is the thousands digit of g?
2
Let f(t) be the second derivative of t**4/6 + 5*t**3/3 + 8*t**2 + t - 129. What is the hundreds digit of f(9)?
2
Suppose -h - 5*j + 2185 = -0*j, -h - 3*j + 2187 = 0. Suppose 5513 = 5*w + 2*z, -6*w + 8*w - h = 3*z. What is the units digit of w?
1
Suppose 18*y - 22*y = 32. Let s = y + 13. Let b = 3 + s. What is the units digit of b?
8
Let a(x) = x**2 - 7*x + 6. Let o be a(6). Suppose o*j = j + j. Suppose j = g + 3, 0 = 3*t + 2*g + 45 - 210. What is the 